usands digit of 3075397365?
9
What is the units digit of 83639600?
0
What is the tens digit of 88669445?
4
What is the thousands digit of 6605530176?
0
What is the tens digit of 305679515?
1
What is the thousands digit of 376028298?
8
What is the millions digit of 23693363?
3
What is the units digit of 1262929347?
7
What is the millions digit of 122786930?
2
What is the thousands digit of 1897177703?
7
What is the tens digit of 2651960613?
1
What is the hundred millions digit of 3642776876?
6
What is the billions digit of 2273418538?
2
What is the units digit of 406194875?
5
What is the hundreds digit of 219059087?
0
What is the thousands digit of 223868597?
8
What is the hundreds digit of 1840896569?
5
What is the millions digit of 61910149?
1
What is the billions digit of 2631381919?
2
What is the hundred thousands digit of 627738648?
7
What is the ten millions digit of 806460174?
0
What is the units digit of 9338591?
1
What is the millions digit of 432623796?
2
What is the ten millions digit of 192322433?
9
What is the hundred thousands digit of 70207653?
2
What is the ten thousands digit of 1201235411?
3
What is the units digit of 50696945?
5
What is the hundred thousands digit of 16147852?
1
What is the tens digit of 35992493?
9
What is the hundred thousands digit of 3877252413?
2
What is the thousands digit of 33635032?
5
What is the hundreds digit of 14892962?
9
What is the hundreds digit of 67833995?
9
What is the tens digit of 46157049?
4
What is the ten thousands digit of 3495820246?
2
What is the ten millions digit of 53161418?
5
What is the hundred millions digit of 2826549375?
8
What is the units digit of 18789503?
3
What is the millions digit of 406876782?
6
What is the hundred thousands digit of 32364957?
3
What is the hundred millions digit of 2600346344?
6
What is the ten thousands digit of 98028071?
2
What is the tens digit of 3194996825?
2
What is the ten thousands digit of 180414331?
1
What is the ten thousands digit of 1608821896?
2
What is the thousands digit of 84341353?
1
What is the millions digit of 636441018?
6
What is the units digit of 42560031?
1
What is the hundreds digit of 1760661139?
1
What is the thousands digit of 782683297?
3
What is the thousands digit of 2075833287?
3
What is the ten thousands digit of 31313010?
1
What is the tens digit of 17620551?
5
What is the hundred millions digit of 3357929021?
3
What is the ten millions digit of 2863562960?
6
What is the tens digit of 271925459?
5
What is the ten thousands digit of 246690970?
9
What is the ten thousands digit of 257660583?
6
What is the thousands digit of 143067666?
7
What is the tens digit of 83254735?
3
What is the millions digit of 60874357?
0
What is the hundred thousands digit of 1421638455?
6
What is the hundred thousands digit of 12735321?
7
What is the ten millions digit of 126353032?
2
What is the hundred millions digit of 1818078864?
8
What is the hundred thousands digit of 1592979905?
9
What is the units digit of 37982357?
7
What is the units digit of 444756922?
2
What is the hundred millions digit of 526286291?
5
What is the thousands digit of 142008156?
8
What is the units digit of 129521335?
5
What is the units digit of 30339021?
1
What is the ten thousands digit of 581194312?
9
What is the units digit of 2787884267?
7
What is the hundred millions digit of 7652868074?
6
What is the hundred thousands digit of 471356959?
3
What is the hundred millions digit of 2522384784?
5
What is the ten millions digit of 5899905839?
9
What is the hundred thousands digit of 144290252?
2
What is the tens digit of 118208698?
9
What is the thousands digit of 455264255?
4
What is the thousands digit of 2742361262?
1
What is the hundred thousands digit of 137159670?
1
What is the millions digit of 2347949?
2
What is the hundred millions digit of 288233836?
2
What is the ten millions digit of 274949838?
7
What is the millions digit of 35800074?
5
What is the millions digit of 17259180?
7
What is the ten millions digit of 13536961?
1
What is the billions digit of 3143564302?
3
What is the hundred millions digit of 1112970888?
1
What is the units digit of 17553305?
5
What is the units digit of 128675825?
5
What is the hundreds digit of 263826231?
2
What is the units digit of 278148237?
7
What is the thousands digit of 117119646?
9
What is the units digit of 128641464?
4
What is the millions digit of 900111482?
0
What is the hundreds digit of 636599779?
7
What is the ten thousands digit of 973634671?
3
What is the thousands digit of 74558516?
8
What is the millions digit of 170296994?
0
What is the hundreds digit of 30853566?
5
What is the thousands digit of 222782209?
2
What is the hundred millions digit of 105967039?
1
What is the thousands digit of 93170157?
0
What is the tens digit of 3692128?
2
What is the thousands digit of 165973975?
3
What is the units digit of 436781810?
0
What is the billions digit of 4103512447?
4
What is the units digit of 111712330?
0
What is the millions digit of 12311845?
2
What is the ten millions digit of 53322136?
5
What is the hundred thousands digit of 313944696?
9
What is the ten thousands digit of 1355749871?
4
What is the hundreds digit of 4352259966?
9
What is the ten thousands digit of 842361189?
6
What is the tens digit of 918434973?
7
What is the ten millions digit of 81382201?
8
What is the thousands digit of 551628789?
8
What is the tens digit of 354332469?
6
What is the units digit of 67156810?
0
What is the ten thousands digit of 766083993?
8
What is the hundred thousands digit of 5927831148?
8
What is the units digit of 27219371?
1
What is the ten thousands digit of 33577660?
7
What is the ten millions digit of 362397543?
6
What is the millions digit of 37064953?
7
What is the tens digit of 4017987251?
5
What is the ten thousands digit of 5590222206?
2
What is the thousands digit of 3238894?
8
What is the hundreds digit of 3448585471?
4
What is the tens digit of 461986995?
9
What is the hundred thousands digit of 143764851?
7
What is the hundreds digit of 290513873?
8
What is the tens digit of 955630295?
9
What is the ten millions digit of 726023538?
2
What is the millions digit of 115576322?
5
What is the units digit of 190233234?
4
What is the ten millions digit of 142900622?
4
What is the tens digit of 231390377?
7
What is the ten thousands digit of 2091655979?
5
What is the tens digit of 1239424856?
5
What is the units digit of 742662743?
3
What is the units digit of 564781164?
4
What is the thousands digit of 592666584?
6
What is the ten thousands digit of 154923690?
2
What is the ten millions digit of 56119389?
5
What is the hundred thousands digit of 3328211?
3
What is the units digit of 206217152?
2
What is the ten millions digit of 24643566?
2
What is the units digit of 162862209?
9
What is the thousands digit of 324958610?
8
What is the tens digit of 4210814868?
6
What is the hundred thousands digit of 1312895497?
8
What is the hundreds digit of 3126425723?
7
What is the hundreds digit of 787543899?
8
What is the hundred thousands digit of 1488288213?
2
What is the hundred thousands digit of 33868025?
8
What is the ten millions digit of 21691752?
2
What is the hundred millions digit of 489956112?
4
What is the billions digit of 2054433408?
2
What is the billions digit of 8052986404?
8
What is the millions digit of 148630163?
8
What is the ten thousands digit of 16988666?
8
What is the units digit of 2051623542?
2
What is the tens digit of 32665070?
7
What is the ten thousands digit of 24857544?
5
What is the thousands digit of 430983015?
3
What is the ten millions digit of 17182599?
1
What is the ten millions digit of 14237923?
1
What is the hundred thousands digit of 224760738?
7
What is the hundreds digit of 41766862?
8
What is the thousands digit of 214228465?
8
What is the units digit of 3930949398?
8
What is the hundred thousands digit of 16864009?
8
What is the hundreds digit of 518245894?
8
What is the tens digit of 14134184?
8
What is the hundred millions digit of 116169152?
1
What is the hundred millions digit of 201809573?
2
What is the hundreds digit of 242729462?
4
What is the tens digit of 958873689?
8
What is the hundred thousands digit of 681473129?
4
What is the hundreds digit of 2